9)*(39 - 30/i) a composite number?
True
Is ((-142088)/24)/((-225)/27 - -8) a prime number?
True
Let p be 37807/6 - -3*(-4)/72. Let r = -2328 + p. Is r composite?
True
Suppose 4*g - 3*a = 5, 4*g + a - 3 - 6 = 0. Suppose 2*w = -5*h + 6618, -4*h + g = -14. Is w prime?
True
Suppose -3*i = d - 87986, -2*i + 38*d = 33*d - 58629. Is i a prime number?
True
Let i = -31 + 32. Let q be (0 - i) + (-6264)/(-9). Let b = q + -122. Is b a prime number?
False
Let c(v) = 1150*v**3 - 7*v**2 + 36*v - 24. Is c(5) a composite number?
True
Is 216/(-936) + (-12220874)/(-13) a composite number?
False
Let h = 62 - 57. Let n be (-6)/(h + -3)*(1 - 2). Suppose -3*k + 2870 = 5*j - 2083, 0 = -4*k + n*j + 6604. Is k a prime number?
False
Let d = -67 + 69. Suppose 2*r + d = 0, -2*r - 5 = 2*f - r. Is (-191)/f - (4 + 28/(-8)) prime?
False
Let t = -7 + 7. Suppose t = -6*n - 1438 + 16000. Is n a composite number?
True
Let f = -15479 + 38325. Let h = f - 15109. Is h prime?
False
Let h(g) = -2*g**3 + 11*g**2 + 8*g - 9. Let m be h(6). Suppose -m*w - n - 1260 = -6*w, 3*w + 4*n - 1275 = 0. Is (60/6)/(2/w) prime?
False
Let r be 61 + (5 - 8) + -5. Let n = r - 51. Is 14*n/(-8)*-2 a prime number?
True
Is 59323*(-2)/9*(-207)/46 a prime number?
False
Let i be 14462/(-28) - (-3)/(-2). Let c = i - -1465. Suppose -c = -6*l + 55. Is l composite?
False
Let z be (-1)/(2/(4 + -54)). Suppose 0 = 3*n + u + 3, 0 = 5*n - 4*u - u + z. Let k(l) = -63*l**3 - 2*l**2 - 2*l - 1. Is k(n) a composite number?
False
Suppose -8 = -2*g, -2*o - 19*g + 22*g + 575686 = 0. Is o a composite number?
False
Suppose 7*x - j = 2*x + 109, -j = -2*x + 46. Let d be (-14)/x*(-1 - (0 - -2)). Is 6545/33 + d/3 composite?
False
Suppose 10*g = 5*g. Suppose -2*f + 4861 = o - 16948, 2*f - 3*o - 21829 = g. Is f composite?
True
Is 5 - 37 - -35 - (-30908 - (1 - 1)) composite?
False
Suppose -4*i = 210 - 230. Suppose -4*c = -i*o - 29112, 0 = 3*c - 40*o + 35*o - 21829. Is c prime?
True
Suppose 210123 + 1382712 = 5*g - 5*l, 0 = 3*g + 2*l - 955711. Is g a composite number?
False
Let d be ((-40)/(-12))/5 + 70/(-15). Is d - (-54)/(-4)*(-1265 + -1) a prime number?
False
Is -16 + 14 - (-3 + -163926) prime?
True
Let r = 146716 - 63179. Is r a prime number?
True
Let y(c) = c**2 + 7*c + 35. Let o be y(-10). Let n = o + -61. Suppose 0 = 7*z - n*z - 174. Is z a composite number?
True
Suppose -3*f + 93 = 21. Suppose -68 + f = 11*m. Let b(o) = 16*o**2 + 14*o + 3. Is b(m) prime?
False
Let l(a) = -a - 24. Let k be l(-24). Suppose k = -9*h + 23*h - 47446. Is h prime?
True
Suppose -22*w + 3065791 - 511860 = 19*w. Is w a composite number?
True
Let z(r) = -10*r - 17. Let p be z(11). Is ((-59)/59)/(1/p) a prime number?
True
Let z = 302 + -298. Suppose 0 = 6*p - 2*p - z*q - 44196, -55257 = -5*p + 2*q. Is p a composite number?
True
Let z(i) = -186*i**3 + 16*i**2 - 7*i - 78. Is z(-7) prime?
True
Suppose -3*d + 5*c = -253060, -5*d + d + 5*c + 337415 = 0. Is d composite?
True
Suppose 4*s + n = -1, 3*n - 10 = -5*s - 2*n. Let q be s - 0 - (-5 + 1). Suppose 2*d - 1788 = -2*z, -z + 3*d - 1793 = -q*z. Is z composite?
True
Let g(m) = -8076*m + 7130. Is g(-17) a prime number?
False
Suppose -39*g + 54000065 = 16846754. Is g a composite number?
False
Let f = -165437 - -342168. Is f a composite number?
True
Suppose 0*l - 55861 = 5*m + 4*l, -22341 = 2*m + 5*l. Let j = -2210 - m. Is j composite?
False
Let j(f) = f**3 - 2*f**2 + 5*f - 24. Let p be j(3). Suppose 11*b - 10*b - 2*a = 1041, p = b - 5*a - 1038. Is b a prime number?
False
Suppose 1259095 = 212*a - 207*a - 5*j, 2*a - j - 503640 = 0. Is a a prime number?
False
Let w = -3306 - -7147. Is w a composite number?
True
Let y be 20/12 - (1 - 5/15). Is y/(5/787*6/210) composite?
True
Let u be (-11)/(-22) + 81511/2. Suppose n = -4*g + u - 2648, -4*g = 2*n - 38108. Suppose 9*f - g = 2*f. Is f a composite number?
False
Let r(t) = 73*t**3 - 2*t + 4. Let a be r(3). Suppose 346 = -2*q - 5*n + 1137, a = 5*q + 4*n. Is q a composite number?
True
Let f(q) = -6*q - 71 + 2*q**2 + 4*q**2 + 0*q**2. Let n be (4/(-5))/((-962)/(-26455)). Is f(n) a composite number?
True
Is (20*(-30)/(-600))/((2/117094)/1) prime?
False
Suppose -z = 4*d - 3*d - 1, z - 5 = d. Is (-16020)/(-54) + (-5)/z composite?
True
Let u = 34331 - -273882. Is u a prime number?
True
Let u(c) = 8*c**3 + 13*c**2 + 20*c + 62. Let m be u(-12). Is ((-24)/(-120))/((-2)/m) a prime number?
True
Let k = 1780844 - 352353. Is k composite?
False
Let n = 1058 + -1067. Let t(w) = 4*w**2 + 9 + 20 + 10*w - 6. Is t(n) a prime number?
True
Let m(u) = 7*u**3 + u**2 + 4*u + 5. Let d(i) = 14*i**3 + 3*i**2 + 9*i + 10. Let p(q) = 3*d(q) - 7*m(q). Let o be p(-5). Let v = o + -54. Is v composite?
True
Suppose 8*r + 0*r - 560 = 0. Suppose 0 = -r*m + 73*m - 39. Suppose 10*z + 6285 = m*z. Is z a composite number?
True
Let l = -28899 + 59086. Is l a prime number?
True
Suppose 3847 = 6*j - 6683. Suppose s - 5*g + 18 = 0, 0*s + 3*s = 4*g - 10. Suppose -m - t + j = m, -3*m = s*t - 2633. Is m a composite number?
False
Let t = -39 + 39. Let m be (t - -16)*790/4. Suppose 2*z + p = 1253, -3*z + 3*p = 2*z - m. Is z composite?
True
Suppose 212220 = 11*c + 55283. Is c a prime number?
False
Let h(f) = -f**3 - f**2 + 7*f + 8. Let i be h(-3). Suppose -t - 2 = -3*a - 4, i*t = -3*a + 10. Suppose -4*o - 411 = -3*q - 140, 4*q - 378 = t*o. Is q composite?
False
Is 3/12 + (-19693177)/(-76) + 0 a composite number?
False
Let z(s) = 92*s**2 - 7*s - 1. Let m be z(6). Suppose -2*j = 4*g - 2156, 0*j - g = -3*j + m. Let o = j + 695. Is o a prime number?
True
Suppose 4*j - 28 = 12. Suppose -40*n - j = -42*n. Suppose 3 = n*o - 227. Is o composite?
True
Suppose -34*z + 4*z = 30. Is (4580/15 - z)/(4/12) a composite number?
False
Suppose -69*c + 14*c = -275*c + 84358340. Is c prime?
False
Suppose -3*y - 5987 + 15032 = 0. Suppose 3168 + 1683 = 3*x + u, 3*x + 5*u - 4839 = 0. Let t = y - x. Is t a composite number?
True
Let k(i) = -6854*i + 13. Let l be ((-5)/30*2)/((-2)/(-12)). Let y be k(l). Suppose 2*f = -3*j + y, 5*f + 5*j - 34322 = 4*j. Is f a prime number?
False
Suppose 3*f - 2188 = -5*j, j - 11*f - 460 = -6*f. Is (-10)/(-4)*346192/j prime?
False
Suppose 58*o - 27*o + 40*o - 24858733 = 0. Is o composite?
True
Let z(v) = -4*v**3 + 3*v**2 - v + 5. Let u be z(-5). Let l = u + 52. Is 2 + 6*-1 + l composite?
True
Is 4/(-66) + 1438775438/7458 composite?
False
Let q = -312 + 320. Suppose -4*a + q*b - 12*b = -10568, -2638 = -a + 3*b. Is a a composite number?
True
Suppose k = 5, 2*w - 6*w = k - 23437. Suppose -4*p + w = -h, 5*h + 1242 + 213 = p. Is p prime?
False
Let y(l) = 3*l**2 + l + 2. Let w be y(-2). Let n(j) = 444*j**2 - 18*j - 3. Let r be n(2). Is r + (-1 - w/4) prime?
True
Let q = 2810 + 1669. Let l = 8362 - q. Is l prime?
False
Is (13863/(-1))/((-6)/10) prime?
False
Let x(k) = 1398*k - 1319. Is x(6) a composite number?
False
Let f be (-18)/126 + 98250/35. Let j = -1818 + f. Is j composite?
True
Suppose 5*g + 186632 = 867207. Suppose g + 70452 = 29*x. Is x composite?
True
Suppose 2*d = 2*z - 100, -6*d - 202 = -4*z - 3*d. Let f = 40 - z. Is 3*4/f*-923 a composite number?
True
Let l(f) = 2997*f - 1405. Is l(34) a prime number?
True
Suppose -2*h - 29922 = -y + 10159, -3*h = -2*y + 80167. Is y prime?
False
Let i = 110 + -110. Suppose 8*n + i*n = 2*n. Suppose n = l + 2*l - 2547. Is l composite?
True
Suppose -230 = 2*l - 7*l. Let d = -50 + l. Is (95 + 3)*(-2)/d prime?
False
Let o(w) = 439*w + 1301. Is o(15) composite?
True
Let q be 6/(-16) + (-750106)/(-112). Suppose 827 - q = 2*o. Is -2*(o/10 + 0) prime?
True
Suppose -4*u + 265 = 89. Let g be (486/4)/((-3)/u). Is (-1)/(-2) + g/(-12) a composite number?
False
Suppose 13*b + 47553 = 74866. Is b composite?
True
Let b = 7 + -12. Let y(t) = -717*t + 4. Let s(z) = -718*z + 7. Let m(p) = 6*s(p) - 5*y(p). Is m(b) composite?
False
Suppose -2*t = 2*s - 37998, t = 5*s - 3*s + 19014. Suppose 0 = -39*m + 35*m + t. Is m a prime number?
True
Is 270525 - (29 - (6 + 7)) prime?
True
Let u(t) = -t**3 - 20*t**2 + 23*t + 46. Let y be u(-21). Suppose z + 5*r - 331 = 0, y*z - r = 7*z - 993. Is z a prime number?
True
Suppose 0 = -11980*m + 11994*m - 6241438. Is m prime?
False
Let h(x) = -140*x**2 - 5*x + 8. Let l be h(-3). Let s = -20 - l. Is s prime?
True
Let g(u) = u**2 - 6*u + 3. Let p be g(6). Is (0 + 1)